
True
Is 203047 composite?
True
Is 283513 prime?
False
Is 517747 a composite number?
False
Is 532289 composite?
True
Is 714695 composite?
True
Is 157321 a prime number?
True
Is 122651 composite?
False
Is 60539 prime?
True
Is 317435 prime?
False
Is 357631 a prime number?
False
Is 465209 composite?
False
Is 9029 prime?
True
Is 23263 a prime number?
False
Is 1819 a composite number?
True
Is 468049 prime?
True
Is 148853 a prime number?
True
Is 4691 a prime number?
True
Is 66467 a composite number?
False
Is 74623 composite?
False
Is 26443 a prime number?
False
Is 1442757 composite?
True
Is 4321 a composite number?
True
Is 3809 a prime number?
False
Is 2497 composite?
True
Is 407 composite?
True
Is 97919 a composite number?
False
Is 468721 composite?
True
Is 63277 prime?
True
Is 82645 a composite number?
True
Is 38639 a composite number?
False
Is 22189 a composite number?
False
Is 9871 prime?
True
Is 2878 prime?
False
Is 380179 a composite number?
False
Is 142351 a composite number?
True
Is 3013 a prime number?
False
Is 27611 a composite number?
False
Is 449 prime?
True
Is 26651 prime?
False
Is 17707 a prime number?
True
Is 793531 composite?
True
Is 11213 prime?
True
Is 5911 composite?
True
Is 74737 a composite number?
True
Is 30449 a composite number?
False
Is 11209 a prime number?
False
Is 6911 composite?
False
Is 139021 a composite number?
False
Is 3489 prime?
False
Is 11953 prime?
True
Is 212227 prime?
True
Is 567157 composite?
True
Is 32081 a prime number?
False
Is 166889 a prime number?
False
Is 216481 composite?
False
Is 14233 composite?
True
Is 101201 prime?
False
Is 610391 prime?
True
Is 32738 composite?
True
Is 187567 a prime number?
False
Is 238627 prime?
True
Is 1266011 a prime number?
False
Is 558563 composite?
False
Is 609287 prime?
False
Is 119447 a prime number?
True
Is 53779 a composite number?
True
Is 134399 composite?
False
Is 36511 composite?
True
Is 29903 composite?
True
Is 1371295 composite?
True
Is 3773069 composite?
True
Is 3002105 prime?
False
Is 35179 a prime number?
False
Is 849161 a composite number?
False
Is 12739 a prime number?
True
Is 31831 a composite number?
True
Is 1165 a prime number?
False
Is 140234 composite?
True
Is 1233541 prime?
False
Is 13771 a composite number?
True
Is 7522 prime?
False
Is 95453 composite?
True
Is 15191 a composite number?
True
Is 57359 composite?
True
Is 47203 prime?
False
Is 18827 prime?
False
Is 2722 composite?
True
Is 1034513 a prime number?
True
Is 197419 a composite number?
False
Is 17203 prime?
True
Is 1730657 prime?
True
Is 21557 a composite number?
False
Is 8563 composite?
False
Is 2421893 a composite number?
False
Is 158962 composite?
True
Is 31949 prime?
False
Is 283177 composite?
True
Is 11113 prime?
True
Is 74923 a composite number?
False
Is 2473759 prime?
True
Is 31361 a prime number?
False
Is 7061 a prime number?
False
Is 6733 a composite number?
False
Is 25967 a prime number?
False
Is 85282 a composite number?
True
Is 204427 composite?
False
Is 2374 a prime number?
False
Is 92773 composite?
True
Is 3391433 composite?
False
Is 359903 composite?
True
Is 33257 a prime number?
False
Is 10499 a prime number?
True
Is 20477 composite?
False
Is 1609547 a prime number?
False
Is 30335 a prime number?
False
Is 202747 composite?
False
Is 452477 a composite number?
True
Is 105227 a prime number?
True
Is 8419 prime?
True
Is 13307 prime?
False
Is 6029 composite?
False
Is 13093 prime?
True
Is 81646 composite?
True
Is 3777 prime?
False
Is 117037 composite?
False
Is 6043 prime?
True
Is 24733 prime?
True
Is 21673 a composite number?
False
Is 18218 composite?
True
Is 1626986 prime?
False
Is 13463 composite?
False
Is 68099 a composite number?
False
Is 312722 composite?
True
Is 57241 prime?
True
Is 27539 a composite number?
False
Is 52159 prime?
False
Is 19615 prime?
False
Is 581069 a composite number?
False
Is 517547 a prime number?
True
Is 142697 a composite number?
False
Is 22339 a prime number?
False
Is 1008259 composite?
True
Is 3899 a prime number?
False
Is 94307 a composite number?
False
Is 5262155 a composite number?
True
Is 12185 a composite number?
True
Is 4249 prime?
False
Is 24943 composite?
False
Is 359349 a composite number?
True
Is 10909 composite?
False
Is 4481 a prime number?
True
Is 99871 a composite number?
False
Is 1419179 a prime number?
True
Is 5158 composite?
True
Is 48907 prime?
True
Is 33997 a prime number?
True
Is 147131 a prime number?
False
Is 17543 prime?
False
Is 59 a composite number?
False
Is 14923 a prime number?
True
Is 3829847 a composite number?
True
Is 21095 composite?
True
Is 27361 composite?
False
Is 48407 composite?
False
Is 2333 composite?
False
Is 1019 composite?
False
Is 36341 a composite number?
False
Is 118163 prime?
True
Is 5953 prime?
True
Is 151711 a prime number?
False
Is 3127 a prime number?
False
Is 83177 prime?
True
Is 6521 prime?
True
Is 13814 a prime number?
False
Is 18707 a prime number?
False
Is 31847 composite?
False
Is 11861 composite?
True
Is 189341 a composite number?
True
Is 76579 prime?
True
Is 3809 prime?
False
Is 1178347 prime?
True
Is 407567 composite?
False
Is 5767 a prime number?
False
Is 42095 a prime number?
False
Is 22054 composite?
True
Is 21059 prime?
True
Is 6433 a prime number?
False
Is 14713 a composite number?
False
Is 1049 composite?
False
Is 124793 a prime number?
True
Is 306209 a prime number?
True
Is 41219 composite?
True
Is 1362041 prime?
True
Is 351409 a prime number?
False
Is 22289 prime?
False
Is 1319 prime?
True
Is 7409 prime?
False
Is 12889 composite?
False
Is 36599 prime?
True
Is 64939 composite?
True
Is 4754 a prime number?
False
Is 15131 a prime number?
True
Is 46577 a prime number?
False
Is 192737 a composite number?
False
Is 1648429 composite?
False
Is 81794 prime?
False
Is 24593 prime?
True
Is 32014 composite?
True
Is 16417 prime?
True
Is 1079 composite?
True
Is 2395 composite?
True
Is 203 prime?
False
Is 53 composite?
False
Is 5297 a composite number?
False
Is 71143 a composite number?
False
Is 29717 a composite number?
False
Is 16871 a composite number?
False
Is 1543 composite?
False
Is 242887 composite?
False
Is 51251 prime?
False
Is 18227 prime?
False
Is 14369 a composite number?
False
Is 68617 prime?
False
Is 12323 a prime number?
True
Is 16049 composite?
True
Is 841 composite?
True
Is 3489869 a composite number?
False
Is 810581 a prime number?
True
Is 44449 prime?
True
Is 34123 prime?
True
Is 1943 a composite number?
True
Is 611 a composite number?
True
Is 8501 a composite number?
False
Is 138559 prime?
True
Is 11159 a prime number?
True
Is 2087407 a prime number?
False
Is 91919 a prime number?
False
Is 79642 composite?
True
Is 5723 a composite number?
True
Is 124481 a composite number?
True
Is 3943 prime?
True
Is 661477 composite?
False
Is 5381 a composite number?
False
Is 3943 composite?
False
Is 17453 prime?
False
Is 41889 prime?
False
Is 91727 a composite number?
True
Is 2417 prime?
True
Is 468761 composite?
False
Is 11771 composite?
True
Is 82883 prime?
True
Is 33481 composite?
True
Is 7303 composite?
True
Is 9199 a composite number?
False
Is 277917 composite?
True
Is 148361 a prime number?
True
Is 4188183 composite?
True
Is 108689 a composite number?
True
Is 12571 composite?
True
Is 178387 a composite number?
True
Is 186187 prime?
True
Is 64673 a prime number?
False
Is 112777 a composite number?
True
Is 158677 a composite number?
True
Is 326409 a composite number?
True
Is 8371 a prime number?
False
Is 3738227 a prime number?
True
Is 124694 a composite number?
True
Is 91607 composite?
True
Is 9778 a prime number?
False
Is 470779 a composite number?
False
Is 38945 a composite number?
True
Is 53837 composite?
True
Is 35621 a prime number?
False
Is 4297 a composite number?
False
Is 32363 a composite number?
False
Is 5953 composite?
False
Is 3163 composite?
False
Is 162209 prime?
True
Is 8419 a composite number?
False
Is 3646 a composite number?
True
Is 2243 a composite number?
False
Is 464819 composite?
False
Is 27941 composite?
False
Is 361541 composite?
False
Is 106143 a composite number?
True
Is 11197 a composite number?
False
Is 162979 composite?
True
Is 15551 a composite number?
False
Is 546649 a composite number?
True
Is 37907 a composite number?
False
Is 180381 composite?
True
Is 67169 